 k(-6). Suppose -158813 = -15*z - o. Is z a prime number?
False
Let c(d) = 17*d + 19. Let y(s) = 48*s + 62. Let w(o) = 10*c(o) - 3*y(o). Suppose -u + 0 = -3. Is w(u) prime?
False
Let z = -223 - -219. Is z/6*(15 + -16788) composite?
True
Suppose -5*l = -5*z - 582295, -186747 - 162642 = -3*l - 3*z. Is l prime?
True
Let q(l) = -2*l**2 - 52*l - 91. Let c be q(-28). Is (-473657)/c + 4/(-14) a composite number?
False
Suppose 0 = d + d - 114. Let g = d + 236. Is g composite?
False
Let s(b) = 16*b**3 - 2*b**2 + 2*b - 1. Let k(d) = -4*d. Let u be k(-5). Let f be 1/(-3 + u/6). Is s(f) a composite number?
False
Suppose 4225 = -17*s + 4*s. Is 107974/26 + 5/s*-10 prime?
True
Let x(l) = -l**3 - 8*l**2 + 25*l + 54. Let o be x(-10). Suppose -o*n = 0, 7*g - 8*g + 7607 = -4*n. Is g composite?
False
Let q = -37604 - -167721. Is q composite?
True
Let f = 102 + -93. Let x be ((-4)/(-9))/2 - (-340)/f. Suppose -c = -x - 1189. Is c prime?
False
Let j(c) be the third derivative of -c**5/60 - 11*c**4/24 - 3*c**3/2 + 7*c**2. Let f be j(-10). Let q(z) = 335*z**3 + 2*z - 2. Is q(f) composite?
True
Suppose -5*u + 169 = 4*f, -3*f + 0*f = 2*u - 132. Suppose 43*p + 23451 = f*p. Is p a prime number?
True
Let v(y) = -69*y + 305. Let c(q) = 38*q + 364. Let p be c(-10). Is v(p) a composite number?
False
Let l = 53 + -48. Suppose -l*j - 631 = 219. Is (-4)/(-8) + j/(-4) prime?
True
Let k(c) = 650*c**3 + 6*c**2 - 6*c + 2. Let d be k(2). Let r = -1271 + d. Is r prime?
True
Suppose -23*s = -24*s + 11. Suppose 0 = -16*y + s*y + 40. Suppose 13*h = y*h + 10495. Is h a composite number?
False
Suppose 5*b + 1299 - 7752 = -3*m, 5*m = -3*b + 3875. Let z = b - 578. Let x = z - -387. Is x prime?
False
Let n(w) = 529394*w**2 + 5*w - 8. Is n(-1) composite?
False
Let k = -12647 - -30550. Is k composite?
False
Let w(v) be the third derivative of 4765*v**4/12 - v**3/2 - 16*v**2. Is w(1) composite?
True
Is (22491/(-28) - -1)/(((-6)/(-88))/(-3)) a composite number?
True
Suppose -4*f + 4*k = -3*f + 364, 4*k = -4*f - 1356. Is (-5 - (f - -5)) + 1 a composite number?
True
Suppose o = 2*y - 3*o - 44512, -44500 = -2*y + o. Suppose 5*d = -4*r + y, 4*r - 2*d = -6612 + 28832. Is r a prime number?
True
Suppose -408*n = -412*n + 24. Suppose 14*r = n*r + 59944. Is r prime?
False
Let c = 810446 - 511933. Is c prime?
True
Let u be (86/(-6))/((-29)/(-174)). Let a = u - -148. Let w = a - -65. Is w a prime number?
True
Let k = 82719 + 217742. Is k prime?
False
Let g = -3729 + 5241. Let j = g - 716. Suppose -d + 4*w + j = -w, -2*w - 6 = 0. Is d composite?
True
Suppose r + 89714 = 5*o, -o + 2*r + 11310 = -6631. Is (15 + -13)/(1*6/o) a composite number?
False
Suppose 4*w - 2*p = -w + 110380, 0 = -2*w - 4*p + 44128. Suppose -44*q + 101890 = w. Is q a composite number?
True
Let q = 2422 + 3666. Let s = -4277 + q. Is s a composite number?
False
Suppose -y - 45*a + 46*a = -7, 2*y + 4*a = -10. Is y*(-8)/6*(-198743)/92 a composite number?
False
Let v be -10 + (3 - (11 + -21)). Let j = -1 + 3. Suppose 0 = -2*k + j*d + 172, v*k - 137 = 2*d + 120. Is k composite?
True
Suppose 133 = 14*x + 105. Is (635/(-20))/(x/(-328)) a composite number?
True
Let p = -187 - 67. Suppose -2*w + 5*w - 1154 = 2*q, 0 = 5*q - w + 2898. Let i = p - q. Is i prime?
False
Let g = 501 - 499. Suppose -4 = g*h, -2*z + 1240 = -0*z + 3*h. Is z a composite number?
True
Suppose 15*j - 145 = 215. Is 5415/12 + -3 - (-18)/j composite?
False
Let w = -5103117 + 7517422. Is w composite?
True
Suppose -2*w - g = -4*w - 5, g = -3*w. Is 38/(204/(-212) - w) composite?
True
Suppose a = 90 - 87. Suppose a*z - 4188 = 12585. Is z a prime number?
True
Let z be -5*4*(-31 + -5). Suppose 0 = -6*y + 11*y - z. Suppose 4*g - 228 = 5*x, -g - g = 5*x - y. Is g a prime number?
False
Suppose -4*y = 2*w - 1593306, 5*w + 398354 = y - 0*y. Is y prime?
False
Suppose 151368 - 4783 = 123*f - 104*f. Is f a composite number?
True
Let j be (-1)/2 - (-37190)/20. Suppose 525 = -2*g + j. Is g composite?
True
Suppose -b - 4*y + 2*y = 1961, 3934 = -2*b + 2*y. Let k = b - -3788. Is k composite?
False
Suppose -42*f - 38*f + 5954914 = -18*f. Is f a prime number?
False
Suppose -4*m = 5*u - 2*u - 35, 3*m - u = 10. Suppose -m*g + 19 - 9 = 0. Is 1/(g/(-2767)*(-11)/22) a prime number?
True
Let m(n) = 3057*n**2 + 324*n + 978. Is m(-3) a composite number?
True
Suppose -5389*u = -5393*u + 52508. Is u a composite number?
False
Let l = 67597 - 5439. Is l a prime number?
False
Suppose l - 1052 = -4*m + 478, 0 = 2*m + 2*l - 762. Is 32/(-16) - (2 - m) composite?
False
Let x(v) = 905*v**2 + 147*v + 11. Is x(8) a composite number?
False
Let i(w) = 1462*w + 9. Let c = -561 + 562. Is i(c) prime?
True
Let y(o) = -220*o - 41. Let f be (3/9)/((-464)/(-156) + -3). Is y(f) prime?
True
Suppose -3*t + 1415 = -1480. Suppose -4*y - 772 = -h - 0*h, -h - t = 5*y. Let w = -60 - y. Is w prime?
False
Let o = 282083 + -142660. Is o prime?
True
Suppose 5*v - 836113 = -2*h, 616*v + 5 = 615*v. Is h a prime number?
True
Let t(g) = -g**2 + 3. Let p(y) = 396*y**2 - 9*y - 10. Let c(d) = p(d) - 2*t(d). Is c(-3) composite?
False
Suppose 20*u + 185 = 25*u. Let i = u + -27. Is 253/1 - 11/(55/i) prime?
True
Let s(r) = -19*r - 26. Let u be s(6). Let b = u + 233. Let v = 176 + b. Is v a prime number?
True
Suppose -16*n - 10*n + 1810192 = -10*n. Is n a composite number?
True
Let u(n) = -2*n**2 + 21*n - 43. Let k be u(8). Is (-6993)/(-12) + 4 - k/12 prime?
True
Suppose -8 = 22*i - 26*i. Is 6*(-5)/(-20) + 16111/i a prime number?
False
Is 6 - ((-7829066)/46 + 140/1610) composite?
True
Suppose y + 827 = -2*p + 2240, 5*p = 20. Let w = y - 666. Is w a prime number?
True
Let s be (-6)/(-21) - (-387)/(-7). Suppose 0 = 5*i + 3*k + 1099, -2*i - 552 = 2*k - 114. Let x = s - i. Is x prime?
False
Is (389605 - 14)/((-1)/(-1)) a prime number?
True
Let v = 10 + -4. Suppose -2*w - 6 = l, -9 = -5*l - 3*w + v*w. Suppose 3*f - 586 = 5*m, 2*f + m = -l*m + 369. Is f prime?
False
Let z be (-2)/2 - (14 + -20). Suppose 4*a = v - 34541, -11*v + 7*v - z*a + 138143 = 0. Is v composite?
False
Suppose 564*x - 550*x = 4172882. Is x composite?
False
Let c be (14 - 17)*12/(-2). Suppose 17*r - c*r = -493. Is r a prime number?
False
Let s(q) = -q**3 + 11*q**2 + 13*q - 9. Let g be s(12). Is (13 + -11)/((-538)/(-178) - g) composite?
False
Suppose 3*y + 2*t - 110945 + 14445 = 0, 3*y - 5*t - 96514 = 0. Let r = y - 20209. Is r composite?
False
Suppose 0 = -5*n + 16*n - 132. Let w be 14/(n + -5)*(-11)/(-2). Suppose w*k - 429 = 8*k. Is k composite?
True
Suppose -4*d + 52 = 5*c, -3*c = d + c - 13. Let v(j) = j**2 - 12*j - 17. Let u be v(d). Is 1/(u/(-22))*74 a composite number?
True
Let s be 99/(-27) + 3 + (-3218)/(-3). Suppose 797 = 3*d - s. Is d composite?
True
Let u = 72388 + -37361. Is u a prime number?
True
Let y be (0 + 0)*(-2)/(-4). Suppose 18 = 5*c - r, 15*r + 9 = -c + 11*r. Suppose -c*d + y*d + 771 = 0. Is d a prime number?
True
Suppose -171 = -3*r + 1332. Suppose 0 = 3*v + 2*k - r, v = -k - 2*k + 167. Suppose -2*m - g = -199, 4*m = -3*g + v + 236. Is m composite?
False
Let r(i) = -35020*i - 1217. Is r(-4) a composite number?
False
Let j = 19101 - 4880. Is j a composite number?
False
Let z(v) = -233*v - 903*v - 3 + 72*v + 34. Is z(-8) a composite number?
False
Let m(p) = -14402*p**3 - 8*p**2 + 5*p - 6. Let t(n) = 2*n**3 + n**2 - n + 1. Let v(g) = -m(g) - 6*t(g). Is v(1) a prime number?
False
Suppose 5016484 = 27*o - 4847345. Is o prime?
True
Suppose 5*c + 73876 = r, -342*r = -339*r + c - 221516. Is r prime?
False
Suppose 4*h + h = 2*s - 85, 4*h - 3*s + 68 = 0. Let r(d) = d**3 + 27*d**2 + 22*d + 5. Is r(h) a composite number?
False
Is ((-334461)/45 + 2/3)*(-4070)/814 a prime number?
True
Suppose -10167*b + 10170*b - 3231158 = -5*p, 18 = -2*b. Is p a prime number?
True
Let r be ((-24)/(-12))/((-2)/(-1937)). Let x = r - -2352. Is x a composite number?
False
Let a = -36007 - -71840. Is a composite?
True
Is (3621/426)/((-2)/(-11996)) composite?
True
Let z = 137775 - 49946. Is z a composite number?
True
Let l(q) = 3*q + 34. Let t be l(-10). Suppose 5*a + 799 = 2*s, s - 2038 = -t*s - a. Let h = 694 - s. Is h prime?
False
Suppose 0 = 3*o - 4*y + 12, 2*o + y + 0*y - 3 = 0. Suppose -6*d + 12 = -o*d. Suppose 5*r - d*r - 1947 = 0. Is r composite?
True
Suppose 4*r + 2*s + 2*s = 64, 5*r = -3